
Let n(z) = -49*z**2 - 2*z**3 - 48*z**2 - 48*z**2 + 142*z**2. Let w be (-21)/(-14)*4/(-3). Determine n(w).
4
Let y(g) = -g**2 - 7*g + 13. Let t(b) = -2*b**3 + b**2 + 2*b. Let l be t(2). Give y(l).
5
Let l(r) = r**2 - 1. Let m(g) = -g**3 + 4*g**2 + 7*g + 22. Let c(h) = -4*l(h) - m(h). What is c(9)?
0
Let t(q) = 3 + 3*q - 5*q**2 + 2*q**2 + 4*q**2. Let j be (8/6)/((-14)/21). Calculate t(j).
1
Suppose 4*h = -4*h. Let p be h*((-2)/8)/((-1)/2). Let o(j) = -j - 17. Give o(p).
-17
Let w be (-6)/(-27) + (-30)/135. Let z(g) = g**3 + 2*g**2 + g - 13. Determine z(w).
-13
Suppose 2*h + 0*h = 0. Let d(u) = 2*u + h*u + 2 - 9. Let t be 5/(1/(-7) + (-760)/(-665)). Determine d(t).
3
Let g(s) = -4*s - 3. Let i = 85 + -58. Suppose 18*v + 421 = -137. Let t = i + v. Determine g(t).
13
Suppose s = -3*s + 4. Let m(j) = -1 - j**3 + 3*j**3 - 3*j**3. Determine m(s).
-2
Let n(p) be the second derivative of p**3/6 - 2*p**2 + 3*p. Suppose 0 = -9*w - 2*w - 44. Determine n(w).
-8
Let f(k) = -k**3 - 4*k**2 - 2*k + 3. Let l = -118 + 115. Determine f(l).
0
Let h(k) = -k**3 - k**2 + 2*k + 3. Let z(c) = 2*c**3 - 5*c**2 + 2*c - 17. Let r(o) = -3*h(o) - z(o). Suppose -3*m + 2*m = 9. Calculate r(m).
-1
Let t = -32 - -32. Let y(m) = 32 + 34 - 62 - m - m**2. Determine y(t).
4
Let v = -4 + 2. Let z = -3 - v. Let y(a) be the second derivative of -3*a**5/10 + a**3/6 - 176*a. Calculate y(z).
5
Let w(i) = i**2 - i - 8. Let q be w(4). Suppose -2*d - 4 = -2*l, 6*l + 5*d - 18 = q*l. Let s(a) = l*a - 5 - 4*a**2 - 4 + 7. Determine s(2).
-10
Let y(m) = -3*m + 3. Let j be 273/3 - (11 + -10). Let k = 96 - j. Calculate y(k).
-15
Let b(o) = o**2 + 3*o + 1. Let v be (3/2 - -1)*(-24)/12. Let j be (-35)/15 - v/15. Calculate b(j).
-1
Let z(o) be the second derivative of o**7/504 + o**6/720 + o**5/120 + o**4/4 + 19*o. Let l(f) be the third derivative of z(f). What is l(-1)?
5
Let m(i) be the third derivative of i**7/2520 - i**6/120 - i**5/15 + 5*i**4/12 + 4*i**2. Let u(q) be the second derivative of m(q). Determine u(6).
-8
Let p = -19 + 15. Let r(x) = x**3 + 3*x**2 - 4*x + 4. What is r(p)?
4
Let v be ((-14)/4)/((-6)/(-12)). Let y = -5 - v. Let b(i) = -2*i**2 - 2*i + 2. Let z(f) = -3*f**2 - 3*f + 3. Let q(p) = -4*b(p) + 3*z(p). Give q(y).
-5
Let f(q) be the first derivative of -q**5/60 - q**4/8 - 7*q**3/6 - 3*q**2 - 9. Let u(i) be the second derivative of f(i). Give u(-5).
-17
Let a(d) = 20*d**2 + 1. Let v = 82 + -89. Let n = 6 + v. Give a(n).
21
Let f(x) = -x**2 + 5*x - 3. Let y be 26 - (0/2 + (-1 - -2)). Suppose 4*m - y = -1. Give f(m).
-9
Let h be 1 + (-602)/(-120) + -6. Let t(l) be the third derivative of -2*l**2 + 0*l - 7/6*l**3 - h*l**5 - 1/3*l**4 + 0. Give t(-5).
8
Let q(n) = n**2 + 10*n - 5. Let r(j) = -j + 4. Let c be r(-10). Let d = c + -25. Let k be q(d). Let z(x) = -x**3 + 5*x**2 + 5*x + 4. Give z(k).
-2
Let d(k) be the first derivative of 1/3*k**3 - 3/2*k**2 - 3*k + 5. Give d(5).
7
Let x(s) = -s**2 - 7*s - 6. Let b(g) be the second derivative of -g**5/20 - g**4/3 - 7*g**2/2 - 35*g. Let w be b(-4). Determine x(w).
-6
Let v = -24 - -22. Let u be (1/2)/(v/4). Let g(s) be the second derivative of -3*s**5/5 - s**4/12 + s**3/6 + s**2/2 - 9*s. Determine g(u).
11
Let i(u) = -2*u**3 + 2*u**2 + u - 1. Let a(j) = -j**3 + 44*j**2 + 45*j + 2. Let m be a(45). Calculate i(m).
-7
Let f = 9 - 15. Let g(m) be the third derivative of m**6/240 + 3*m**5/40 - m**4/6 + 7*m**2. Let c(b) be the second derivative of g(b). Calculate c(f).
-9
Let a(n) = -124*n - 155. Let t(k) = -k - 1. Let r(s) = a(s) - 155*t(s). Determine r(1).
31
Let j(t) = t - 1. Let p = 322 - 314. Calculate j(p).
7
Let a(g) = -3*g - 27. Suppose 0 = 2*h - 16*n + 12*n + 6, -4*h + 2*n - 36 = 0. Determine a(h).
6
Let k(h) = h - 3. Let x = 22 - 24. Let a(n) = n**2 + 2*n + 3. Let t be a(x). Suppose -5*m = -m, c - t*m = 0. Calculate k(c).
-3
Let g(y) = 18*y**2 - 2*y + 19. Let n(v) = 8*v**2 - v + 9. Let s(z) = 6*g(z) - 13*n(z). What is s(-3)?
30
Suppose -42*w = -30*w + 48. Let i(v) = -v**2 - 6*v - 5. Calculate i(w).
3
Let r be (-2)/5 - 42/(-105). Suppose 3*b - 2*b - 6 = r. Let t(a) = -4*a + 4. Calculate t(b).
-20
Let h(l) = l**3 - 3*l**2 - 6*l - 5. Let y(x) = -14*x - 219. Let c be y(-16). Determine h(c).
15
Let u be 28/(-6) + 6/9. Let j(r) be the third derivative of r**4/6 + r**3/3 + 52*r**2 - 3*r + 8. Determine j(u).
-14
Suppose -11*v + 44 = -0*v. Suppose 5 = -v*l - 5*r, 4*l + 3*r + 11 = -0*l. Let q(a) = a**2 + 6*a - 7. Calculate q(l).
-12
Let s(z) = z**3 - 22*z**2 - 21*z - 33. Let g = 430 + -407. What is s(g)?
13
Suppose -u + 20 = -b + 3*b, -4*u - 64 = -4*b. Let m(i) = i**3 - 13*i**2 + 10*i + 10. What is m(b)?
-14
Let w(n) = -n - 3. Suppose 3*l = 4*d + 6*l + 169, 5*d + 194 = 2*l. Let x = -42 - d. Determine w(x).
-1
Let s(n) = n**3 - 8*n**2 - 9*n - 3. Suppose 66 = -5*q - 4*c, -c + 57 = -4*q - 0*c. Let z be (-14)/(-2) + (q + 4)/(-5). Calculate s(z).
-3
Let n(l) = l**3 - 6*l**2 + 8*l - 5. Let j(s) = -s - 21. Let c(w) = -w - 41. Let o(f) = 2*c(f) - 5*j(f). Let x be o(-6). Calculate n(x).
10
Let z(h) = -h**2 - 15*h - 53. Let u be z(-8). Let w = 7 - 5. Let b(t) = 12*t**3 - t - 1 - 7*t**u + w + 3*t**3. Calculate b(1).
8
Let h(s) = -s**2 + 2*s. Let j be h(0). Suppose y - 4 - 5 = j. Let x(r) = y - 7 - 5*r**2 + 3*r**2 + 2. Give x(3).
-14
Suppose 42*o + 29*o - 71 = 0. Let y(v) be the first derivative of 5*v**4/4 + v**3/3 - v - 1. What is y(o)?
5
Let s = -4 - -6. Suppose 6 + s = 4*m. Let p(j) = 36*j - 12. Let r(t) = 9*t - 3. Let i(d) = 2*p(d) - 9*r(d). Give i(m).
-15
Let b(m) be the third derivative of 0*m - 6*m**2 - 1/6*m**3 - 1/12*m**4 + 0. Calculate b(-4).
7
Let x(b) be the third derivative of b**4/24 - 3*b**3/2 - 186*b**2 - 2*b. Suppose 0 = -5*a - 4*h + 27, a + 3*h = -0*a + 1. Give x(a).
-2
Let j(d) = -35*d - 6 + 14*d + 10*d + 12*d - 7. Give j(14).
1
Let c(x) be the first derivative of x**3/3 + 2*x**2 + 5*x + 7. Suppose 3 = -2*w - 5. Let z be c(w). Let p(a) = a**2 - 6*a + 7. Calculate p(z).
2
Let b(g) = -g - 12. Let d(z) = 1. Suppose -29 - 25 = -3*a. Let x(w) = 24. Let f(t) = a*d(t) - x(t). Let i(l) = -3*b(l) + 5*f(l). Calculate i(-4).
-6
Let i(j) = j**3 - j. Let h(t) = t**3 + 8*t**2 + 4*t - 5. Let q be h(-6). Let w = q - 61. Let k be (-80)/(-45) - 4/w. What is i(k)?
6
Let v(b) = b**2 + 3*b + 1. Let t be (-45)/(36/4) - -1. Give v(t).
5
Let y(z) = -213*z + 2 + 210*z + 6 - 3*z**2 + 8*z**2 + z**3. Give y(-6).
-10
Let y = 1 - 3. Let d(q) = 20286*q**2 - 3*q**3 - q - 20287*q**2 + 0*q**3 + 2*q**3. Calculate d(y).
6
Let n(q) = 11 + 6*q - 24*q + 5*q + 20*q. What is n(-11)?
-66
Let h(s) = 5*s + 50. Let m(i) = 22*i + 249. Let f(y) = -14*h(y) + 3*m(y). What is f(12)?
-1
Let q(u) = 6*u**2 + 2*u - 1. Let g be q(1). Let w(s) = 948*s + 943*s + 950*s - 2844*s + 5. Give w(g).
-16
Let w(d) = d + 8. Suppose 40 = -5*a + 5*u, 0 = -2*a - a - 5*u - 24. Give w(a).
0
Let d(b) be the third derivative of -b**6/120 - b**5/10 - b**4/24 + b**3/6 + 2*b**2 - 18*b. What is d(-2)?
-13
Let p(s) = -4*s**2 - 8*s + 1. Let r(l) = 3*l**2 + 8*l - 2. Let a(j) = -12*j + 7. Let x be a(1). Let q(u) = x*r(u) - 4*p(u). Suppose -2*b + 5 = -11. Give q(b).
6
Let c(i) = 3*i - 2 - 17*i - 2*i + 6*i + 3*i. Calculate c(4).
-30
Let h(f) be the third derivative of -f**6/120 + f**5/60 + f**4/24 + f**3/6 + 18*f**2. Let y(n) = -n**3 + n**2 + 6. Let o(g) = 3*h(g) - y(g). What is o(2)?
-5
Suppose 0 = 7*j - 10*j + 12. Suppose 5*o + j*f + 1 = 15, -o + f = -10. Let h(k) = 3*k - 5. Give h(o).
13
Let d(q) = 3*q**3 - 18*q**2 - 11*q + 1. Let m(g) = g**3 - 6*g**2 - 4*g. Let b(j) = 3*d(j) - 8*m(j). Give b(6).
-3
Let q(f) be the third derivative of f**6/120 + f**5/20 - f**4/24 + 2*f**3/3 + 1470*f**2. Let h be -1*2*6/4. Determine q(h).
7
Suppose 0 = 3*n + 18 + 15. Let o = -15 - n. Let r(m) be the first derivative of 2*m**2 + 6*m + 1. Determine r(o).
-10
Let p(v) be the first derivative of v**4/4 - 7*v**3 + v**2/2 - 23*v - 746. Calculate p(21).
-2
Let q(u) = u**3 + u**2 - u. Let h(y) = -2*y**3 - 9*y**2 + 5*y - 6. Let r(l) = -h(l) - 3*q(l). Give r(6).
-6
Let v(x) = x**2 - x - 2. Let q(u) = 4*u**2 - 17*u - 2. Let i(c) = q(c) - 3*v(c). Determine i(11).
-29
Let p(t) = 0*t + 3*t**2 - 2*t**2 + 6*t + 4. Let i(x) = 6*x - 3. Suppose -8*f - f = -5*f. Let w be i(f). What is p(w)?
-5
Let a(q) = -8*q + 19. Let v(b) = -22*b + 57. Let k(u) = -8*